CRAN Package Check Results for Package TensorClustering

Last updated on 2025-10-07 15:50:08 CEST.

Flavor Version Tinstall Tcheck Ttotal Status Flags
r-devel-linux-x86_64-debian-clang 1.0.2 6.20 41.38 47.58 OK
r-devel-linux-x86_64-debian-gcc 1.0.2 4.54 30.72 35.26 OK
r-devel-linux-x86_64-fedora-clang 1.0.2 72.54 NOTE
r-devel-linux-x86_64-fedora-gcc 1.0.2 68.01 NOTE
r-devel-windows-x86_64 1.0.2 10.00 60.00 70.00 OK
r-patched-linux-x86_64 1.0.2 5.83 38.19 44.02 OK
r-release-linux-x86_64 1.0.2 6.05 38.48 44.53 OK
r-release-macos-arm64 1.0.2 32.00 OK
r-release-macos-x86_64 1.0.2 47.00 OK
r-release-windows-x86_64 1.0.2 10.00 63.00 73.00 OK
r-oldrel-macos-arm64 1.0.2 25.00 OK
r-oldrel-macos-x86_64 1.0.2 38.00 OK
r-oldrel-windows-x86_64 1.0.2 13.00 71.00 84.00 OK

Check Details

Version: 1.0.2
Check: dependencies in R code
Result: NOTE Namespace in Imports field not imported from: ‘Rcpp’ All declared Imports should be used. Flavors: r-devel-linux-x86_64-fedora-clang, r-devel-linux-x86_64-fedora-gcc