Last updated on 2025-07-05 16:48:40 CEST.
Flavor | Version | Tinstall | Tcheck | Ttotal | Status | Flags |
---|---|---|---|---|---|---|
r-devel-linux-x86_64-debian-clang | 0.2.2 | 24.28 | 408.26 | 432.54 | NOTE | |
r-devel-linux-x86_64-debian-gcc | 0.2.2 | 17.97 | 248.74 | 266.71 | NOTE | |
r-devel-linux-x86_64-fedora-clang | 0.2.2 | 720.94 | OK | |||
r-devel-linux-x86_64-fedora-gcc | 0.2.2 | 713.79 | OK | |||
r-devel-windows-x86_64 | 0.2.2 | 25.00 | 465.00 | 490.00 | OK | |
r-patched-linux-x86_64 | 0.2.2 | 26.86 | 382.31 | 409.17 | OK | |
r-release-linux-x86_64 | 0.2.2 | 25.55 | 384.03 | 409.58 | OK | |
r-release-macos-arm64 | 0.2.2 | 178.00 | OK | |||
r-release-macos-x86_64 | 0.2.2 | 355.00 | OK | |||
r-release-windows-x86_64 | 0.2.2 | 27.00 | 467.00 | 494.00 | OK | |
r-oldrel-macos-arm64 | 0.2.2 | 157.00 | OK | |||
r-oldrel-macos-x86_64 | 0.2.2 | 284.00 | OK | |||
r-oldrel-windows-x86_64 | 0.2.2 | 37.00 | 583.00 | 620.00 | OK |
Version: 0.2.2
Check: CRAN incoming feasibility
Result: NOTE
Maintainer: ‘Till Massing <till.massing@uni-due.de>’
The Description field contains
(Massing (2023) <arXiv:2303.07060>). The following references form the
Please refer to arXiv e-prints via their arXiv DOI <doi:10.48550/arXiv.YYMM.NNNNN>.
Flavors: r-devel-linux-x86_64-debian-clang, r-devel-linux-x86_64-debian-gcc