Last updated on 2025-07-05 05:50:42 CEST.
Flavor | Version | Tinstall | Tcheck | Ttotal | Status | Flags |
---|---|---|---|---|---|---|
r-devel-linux-x86_64-debian-clang | 0.3.1 | 11.00 | 79.93 | 90.93 | NOTE | |
r-devel-linux-x86_64-debian-gcc | 0.3.1 | 6.91 | 54.82 | 61.73 | NOTE | |
r-devel-linux-x86_64-fedora-clang | 0.3.1 | 136.93 | OK | |||
r-devel-linux-x86_64-fedora-gcc | 0.3.1 | 125.58 | OK | |||
r-devel-windows-x86_64 | 0.3.1 | 12.00 | 133.00 | 145.00 | OK | |
r-patched-linux-x86_64 | 0.3.1 | 10.29 | 71.91 | 82.20 | OK | |
r-release-linux-x86_64 | 0.3.1 | 9.68 | 71.66 | 81.34 | OK | |
r-release-macos-arm64 | 0.3.1 | 37.00 | OK | |||
r-release-macos-x86_64 | 0.3.1 | 71.00 | OK | |||
r-release-windows-x86_64 | 0.3.1 | 12.00 | 220.00 | 232.00 | OK | |
r-oldrel-macos-arm64 | 0.3.1 | 46.00 | OK | |||
r-oldrel-macos-x86_64 | 0.3.1 | 62.00 | OK | |||
r-oldrel-windows-x86_64 | 0.3.1 | 16.00 | 263.00 | 279.00 | OK |
Version: 0.3.1
Check: CRAN incoming feasibility
Result: NOTE
Maintainer: ‘Arden Burrell <arden.burrell@gmail.com>’
Package CITATION file contains call(s) to old-style personList() or
as.personList(). Please use c() on person objects instead.
Package CITATION file contains call(s) to old-style citEntry(). Please
use bibentry() instead.
Flavors: r-devel-linux-x86_64-debian-clang, r-devel-linux-x86_64-debian-gcc