Last updated on 2025-07-04 14:49:42 CEST.
Flavor | Version | Tinstall | Tcheck | Ttotal | Status | Flags |
---|---|---|---|---|---|---|
r-devel-linux-x86_64-debian-clang | 0.7.5.3 | 26.13 | 271.57 | 297.70 | NOTE | |
r-devel-linux-x86_64-debian-gcc | 0.7.5.3 | 18.95 | 151.93 | 170.88 | NOTE | |
r-devel-linux-x86_64-fedora-clang | 0.7.5.3 | 491.93 | OK | |||
r-devel-linux-x86_64-fedora-gcc | 0.7.5.3 | 476.27 | OK | |||
r-devel-windows-x86_64 | 0.7.5.3 | 31.00 | 252.00 | 283.00 | OK | |
r-patched-linux-x86_64 | 0.7.5.3 | 27.94 | 251.69 | 279.63 | OK | |
r-release-linux-x86_64 | 0.7.5.3 | 27.07 | 251.82 | 278.89 | OK | |
r-release-macos-arm64 | 0.7.5.3 | 134.00 | OK | |||
r-release-macos-x86_64 | 0.7.5.3 | 213.00 | OK | |||
r-release-windows-x86_64 | 0.7.5.3 | 34.00 | 325.00 | 359.00 | OK | |
r-oldrel-macos-arm64 | 0.7.5.3 | 107.00 | OK | |||
r-oldrel-macos-x86_64 | 0.7.5.3 | 180.00 | OK | |||
r-oldrel-windows-x86_64 | 0.7.5.3 | 39.00 | 350.00 | 389.00 | OK |
Version: 0.7.5.3
Check: CRAN incoming feasibility
Result: NOTE
Maintainer: ‘Jona Lilienthal <lilienthal@statistik.tu-dortmund.de>’
No Authors@R field in DESCRIPTION.
Please add one, modifying
Authors@R: person(given = "Jona",
family = "Lilienthal",
role = c("aut", "cre"),
email = "lilienthal@statistik.tu-dortmund.de")
as necessary.
Flavors: r-devel-linux-x86_64-debian-clang, r-devel-linux-x86_64-debian-gcc