Last updated on 2025-07-05 05:50:41 CEST.
Flavor | Version | Tinstall | Tcheck | Ttotal | Status | Flags |
---|---|---|---|---|---|---|
r-devel-linux-x86_64-debian-clang | 0.1.3 | 110.23 | 124.53 | 234.76 | OK | |
r-devel-linux-x86_64-debian-gcc | 0.1.3 | 76.85 | 91.60 | 168.45 | OK | |
r-devel-linux-x86_64-fedora-clang | 0.1.3 | 408.15 | OK | |||
r-devel-linux-x86_64-fedora-gcc | 0.1.3 | 374.24 | OK | |||
r-devel-windows-x86_64 | 0.1.3 | 121.00 | 141.00 | 262.00 | OK | |
r-patched-linux-x86_64 | 0.1.3 | 110.79 | 120.17 | 230.96 | OK | |
r-release-linux-x86_64 | 0.1.3 | 106.86 | 119.94 | 226.80 | OK | |
r-release-macos-arm64 | 0.1.3 | 89.00 | OK | |||
r-release-macos-x86_64 | 0.1.3 | 153.00 | OK | |||
r-release-windows-x86_64 | 0.1.3 | 118.00 | 146.00 | 264.00 | OK | |
r-oldrel-macos-arm64 | 0.1.3 | 92.00 | NOTE | |||
r-oldrel-macos-x86_64 | 0.1.3 | 181.00 | NOTE | |||
r-oldrel-windows-x86_64 | 0.1.3 | 145.00 | 189.00 | 334.00 | NOTE |
Version: 0.1.3
Check: installed package size
Result: NOTE
installed size is 11.1Mb
sub-directories of 1Mb or more:
data 4.5Mb
libs 6.3Mb
Flavors: r-oldrel-macos-arm64, r-oldrel-macos-x86_64, r-oldrel-windows-x86_64