Last updated on 2025-07-04 11:50:40 CEST.
Flavor | Version | Tinstall | Tcheck | Ttotal | Status | Flags |
---|---|---|---|---|---|---|
r-devel-linux-x86_64-debian-clang | 0.1.2 | 163.23 | 175.92 | 339.15 | NOTE | |
r-devel-linux-x86_64-debian-gcc | 0.1.2 | 117.17 | 127.17 | 244.34 | NOTE | |
r-devel-linux-x86_64-fedora-clang | 0.1.2 | 577.57 | NOTE | |||
r-devel-linux-x86_64-fedora-gcc | 0.1.2 | 546.60 | NOTE | |||
r-devel-windows-x86_64 | 0.1.2 | 175.00 | 193.00 | 368.00 | NOTE | |
r-patched-linux-x86_64 | 0.1.2 | 159.88 | 160.55 | 320.43 | NOTE | |
r-release-linux-x86_64 | 0.1.2 | 157.41 | 159.80 | 317.21 | NOTE | |
r-release-macos-arm64 | 0.1.2 | 113.00 | NOTE | |||
r-release-macos-x86_64 | 0.1.2 | 180.00 | NOTE | |||
r-release-windows-x86_64 | 0.1.2 | 172.00 | 197.00 | 369.00 | NOTE | |
r-oldrel-macos-arm64 | 0.1.2 | 114.00 | NOTE | |||
r-oldrel-macos-x86_64 | 0.1.2 | 139.00 | NOTE | |||
r-oldrel-windows-x86_64 | 0.1.2 | 213.00 | 250.00 | 463.00 | NOTE |
Version: 0.1.2
Check: C++ specification
Result: NOTE
Specified C++11: please drop specification unless essential
Flavors: r-devel-linux-x86_64-debian-clang, r-devel-linux-x86_64-debian-gcc, r-devel-linux-x86_64-fedora-clang, r-devel-linux-x86_64-fedora-gcc, r-devel-windows-x86_64, r-patched-linux-x86_64, r-release-linux-x86_64, r-release-macos-arm64, r-release-macos-x86_64, r-release-windows-x86_64, r-oldrel-macos-arm64, r-oldrel-macos-x86_64, r-oldrel-windows-x86_64
Version: 0.1.2
Check: installed package size
Result: NOTE
installed size is 11.5Mb
sub-directories of 1Mb or more:
libs 11.0Mb
Flavors: r-oldrel-macos-arm64, r-oldrel-macos-x86_64