Last updated on 2025-07-19 22:50:36 CEST.
Flavor | Version | Tinstall | Tcheck | Ttotal | Status | Flags |
---|---|---|---|---|---|---|
r-devel-linux-x86_64-debian-clang | 2.0.3 | 52.08 | 136.52 | 188.60 | OK | |
r-devel-linux-x86_64-debian-gcc | 2.0.3 | 35.41 | 131.73 | 167.14 | OK | |
r-devel-linux-x86_64-fedora-clang | 2.0.3 | 326.12 | OK | |||
r-devel-linux-x86_64-fedora-gcc | 2.0.3 | 346.09 | OK | |||
r-devel-windows-x86_64 | 2.0.3 | 67.00 | 224.00 | 291.00 | OK | |
r-patched-linux-x86_64 | 2.0.3 | 52.06 | 177.08 | 229.14 | OK | |
r-release-linux-x86_64 | 2.0.3 | 51.95 | 177.01 | 228.96 | OK | |
r-release-macos-arm64 | 2.0.3 | 184.00 | OK | |||
r-release-macos-x86_64 | 2.0.3 | 285.00 | OK | |||
r-release-windows-x86_64 | 2.0.3 | 66.00 | 240.00 | 306.00 | OK | |
r-oldrel-macos-arm64 | 2.0.3 | 163.00 | NOTE | |||
r-oldrel-macos-x86_64 | 2.0.3 | 200.00 | NOTE | |||
r-oldrel-windows-x86_64 | 2.0.3 | 82.00 | 276.00 | 358.00 | OK |
Version: 2.0.3
Check: installed package size
Result: NOTE
installed size is 7.9Mb
sub-directories of 1Mb or more:
libs 7.2Mb
Flavors: r-oldrel-macos-arm64, r-oldrel-macos-x86_64