Last updated on 2025-07-05 04:50:28 CEST.
Flavor | Version | Tinstall | Tcheck | Ttotal | Status | Flags |
---|---|---|---|---|---|---|
r-devel-linux-x86_64-debian-clang | 1.0.1 | 17.95 | 113.13 | 131.08 | OK | |
r-devel-linux-x86_64-debian-gcc | 1.0.1 | 14.03 | 78.42 | 92.45 | OK | |
r-devel-linux-x86_64-fedora-clang | 1.0.1 | 221.46 | OK | |||
r-devel-linux-x86_64-fedora-gcc | 1.0.1 | 232.33 | OK | |||
r-devel-windows-x86_64 | 1.0.1 | 19.00 | 117.00 | 136.00 | OK | |
r-patched-linux-x86_64 | 1.0.1 | 18.58 | 108.29 | 126.87 | OK | |
r-release-linux-x86_64 | 1.0.1 | 16.99 | 108.11 | 125.10 | OK | |
r-release-macos-arm64 | 1.0.1 | 64.00 | OK | |||
r-release-macos-x86_64 | 1.0.1 | 124.00 | OK | |||
r-release-windows-x86_64 | 1.0.1 | 20.00 | 117.00 | 137.00 | OK | |
r-oldrel-macos-arm64 | 1.0.1 | 65.00 | NOTE | |||
r-oldrel-macos-x86_64 | 1.0.1 | 99.00 | NOTE | |||
r-oldrel-windows-x86_64 | 1.0.1 | 25.00 | 153.00 | 178.00 | NOTE |
Version: 1.0.1
Check: package dependencies
Result: NOTE
Package suggested but not available for checking: ‘velocyto.R’
Flavors: r-oldrel-macos-arm64, r-oldrel-macos-x86_64, r-oldrel-windows-x86_64