CRAN Package Check Results for Package StreamMetabolism

Last updated on 2025-07-17 10:49:12 CEST.

Flavor Version Tinstall Tcheck Ttotal Status Flags
r-devel-linux-x86_64-debian-clang 1.1.3 4.33 41.33 45.66 NOTE
r-devel-linux-x86_64-debian-gcc 1.1.3 3.01 32.66 35.67 NOTE
r-devel-linux-x86_64-fedora-clang 1.1.3 70.54 OK
r-devel-linux-x86_64-fedora-gcc 1.1.3 71.55 OK
r-devel-windows-x86_64 1.1.3 5.00 59.00 64.00 OK
r-patched-linux-x86_64 1.1.3 3.69 39.43 43.12 OK
r-release-linux-x86_64 1.1.3 3.79 39.49 43.28 OK
r-release-macos-arm64 1.1.3 28.00 OK
r-release-macos-x86_64 1.1.3 45.00 OK
r-release-windows-x86_64 1.1.3 6.00 60.00 66.00 OK
r-oldrel-macos-arm64 1.1.3 24.00 OK
r-oldrel-macos-x86_64 1.1.3 36.00 OK
r-oldrel-windows-x86_64 1.1.3 6.00 73.00 79.00 OK

Check Details

Version: 1.1.3
Check: CRAN incoming feasibility
Result: NOTE Maintainer: ‘Stephen A Sefick Jr. <ssefick@gmail.com>’ No Authors@R field in DESCRIPTION. Please add one, modifying Authors@R: person(given = c("Stephen", "A"), family = "Sefick Jr.", role = c("aut", "cre"), email = "ssefick@gmail.com") as necessary. Flavors: r-devel-linux-x86_64-debian-clang, r-devel-linux-x86_64-debian-gcc