Last updated on 2025-10-12 05:50:13 CEST.
Flavor | Version | Tinstall | Tcheck | Ttotal | Status | Flags |
---|---|---|---|---|---|---|
r-devel-linux-x86_64-debian-clang | 1.3.1 | 14.93 | 102.12 | 117.05 | NOTE | |
r-devel-linux-x86_64-debian-gcc | 1.3.1 | 9.97 | 68.78 | 78.75 | NOTE | |
r-devel-linux-x86_64-fedora-clang | 1.3.1 | 179.95 | OK | |||
r-devel-linux-x86_64-fedora-gcc | 1.3.1 | 166.51 | OK | |||
r-devel-windows-x86_64 | 1.3.1 | 18.00 | 120.00 | 138.00 | OK | |
r-patched-linux-x86_64 | 1.3.1 | 14.12 | 93.22 | 107.34 | OK | |
r-release-linux-x86_64 | 1.3.1 | 15.38 | 94.00 | 109.38 | OK | |
r-release-macos-arm64 | 1.3.1 | 59.00 | OK | |||
r-release-macos-x86_64 | 1.3.1 | 99.00 | OK | |||
r-release-windows-x86_64 | 1.3.1 | 18.00 | 124.00 | 142.00 | OK | |
r-oldrel-macos-arm64 | 1.3.1 | 47.00 | OK | |||
r-oldrel-macos-x86_64 | 1.3.1 | 73.00 | OK | |||
r-oldrel-windows-x86_64 | 1.3.1 | 23.00 | 147.00 | 170.00 | OK |
Version: 1.3.1
Check: CRAN incoming feasibility
Result: NOTE
Maintainer: ‘Sebastien Wouters <wouterseb@gmail.com>’
No Authors@R field in DESCRIPTION.
Please add one, modifying
Authors@R: c(person(given = "Sebastien",
family = "Wouters",
role = c("aut", "cre"),
email = "wouterseb@gmail.com"),
person(given = c("Adam", "D."),
family = "Smith",
role = "ctb"))
as necessary.
Flavors: r-devel-linux-x86_64-debian-clang, r-devel-linux-x86_64-debian-gcc