Last updated on 2025-07-19 22:50:35 CEST.
Flavor | Version | Tinstall | Tcheck | Ttotal | Status | Flags |
---|---|---|---|---|---|---|
r-devel-linux-x86_64-debian-clang | 0.5-3 | 35.41 | 41.77 | 77.18 | NOTE | |
r-devel-linux-x86_64-debian-gcc | 0.5-3 | 26.43 | 30.04 | 56.47 | NOTE | |
r-devel-linux-x86_64-fedora-clang | 0.5-3 | 146.09 | NOTE | |||
r-devel-linux-x86_64-fedora-gcc | 0.5-3 | 127.24 | NOTE | |||
r-devel-windows-x86_64 | 0.5-3 | 45.00 | 85.00 | 130.00 | NOTE | |
r-patched-linux-x86_64 | 0.5-3 | 37.25 | 39.49 | 76.74 | NOTE | |
r-release-linux-x86_64 | 0.5-3 | 35.92 | 40.03 | 75.95 | NOTE | |
r-release-macos-arm64 | 0.5-3 | 38.00 | NOTE | |||
r-release-macos-x86_64 | 0.5-3 | 51.00 | NOTE | |||
r-release-windows-x86_64 | 0.5-3 | 43.00 | 84.00 | 127.00 | NOTE | |
r-oldrel-macos-arm64 | 0.5-3 | 37.00 | NOTE | |||
r-oldrel-macos-x86_64 | 0.5-3 | 46.00 | NOTE | |||
r-oldrel-windows-x86_64 | 0.5-3 | 54.00 | 102.00 | 156.00 | NOTE |
Version: 0.5-3
Check: Rd files
Result: NOTE
checkRd: (-1) FitAkdParameters.Rd:23: Lost braces; missing escapes or markup?
23 | p(y|ens) = 1 / K * sum {dnorm(y, z.i, s)} \cr
| ^
Flavors: r-devel-linux-x86_64-debian-clang, r-devel-linux-x86_64-debian-gcc, r-devel-linux-x86_64-fedora-clang, r-devel-linux-x86_64-fedora-gcc, r-devel-windows-x86_64, r-patched-linux-x86_64, r-release-linux-x86_64, r-release-macos-arm64, r-release-macos-x86_64, r-release-windows-x86_64, r-oldrel-macos-arm64, r-oldrel-macos-x86_64, r-oldrel-windows-x86_64