CRAN Package Check Results for Package SSRMST

Last updated on 2025-07-19 18:50:36 CEST.

Flavor Version Tinstall Tcheck Ttotal Status Flags
r-devel-linux-x86_64-debian-clang 0.1.1 5.96 138.84 144.80 NOTE
r-devel-linux-x86_64-debian-gcc 0.1.1 4.84 101.18 106.02 NOTE
r-devel-linux-x86_64-fedora-clang 0.1.1 227.04 OK
r-devel-linux-x86_64-fedora-gcc 0.1.1 252.01 OK
r-devel-windows-x86_64 0.1.1 7.00 179.00 186.00 OK
r-patched-linux-x86_64 0.1.1 5.91 134.26 140.17 OK
r-release-linux-x86_64 0.1.1 5.32 134.61 139.93 OK
r-release-macos-arm64 0.1.1 86.00 OK
r-release-macos-x86_64 0.1.1 170.00 OK
r-release-windows-x86_64 0.1.1 7.00 162.00 169.00 OK
r-oldrel-macos-arm64 0.1.1 72.00 OK
r-oldrel-macos-x86_64 0.1.1 124.00 OK
r-oldrel-windows-x86_64 0.1.1 9.00 208.00 217.00 OK

Check Details

Version: 0.1.1
Check: CRAN incoming feasibility
Result: NOTE Maintainer: ‘Miki Horiguchi <horiguchimiki@gmail.com>’ No Authors@R field in DESCRIPTION. Please add one, modifying Authors@R: c(person(given = "Miki", family = "Horiguchi", role = c("aut", "cre"), email = "horiguchimiki@gmail.com"), person(given = "Hajime", family = "Uno", role = "aut")) as necessary. Flavors: r-devel-linux-x86_64-debian-clang, r-devel-linux-x86_64-debian-gcc