CRAN Package Check Results for Package SEAGLE

Last updated on 2025-07-04 14:49:39 CEST.

Flavor Version Tinstall Tcheck Ttotal Status Flags
r-devel-linux-x86_64-debian-clang 1.0.1 6.47 211.86 218.33 NOTE
r-devel-linux-x86_64-debian-gcc 1.0.1 4.88 199.05 203.93 NOTE
r-devel-linux-x86_64-fedora-clang 1.0.1 340.52 OK
r-devel-linux-x86_64-fedora-gcc 1.0.1 372.09 OK
r-devel-windows-x86_64 1.0.1 7.00 259.00 266.00 OK
r-patched-linux-x86_64 1.0.1 5.78 305.99 311.77 OK
r-release-linux-x86_64 1.0.1 5.04 302.91 307.95 OK
r-release-macos-arm64 1.0.1 193.00 OK
r-release-macos-x86_64 1.0.1 362.00 OK
r-release-windows-x86_64 1.0.1 8.00 263.00 271.00 OK
r-oldrel-macos-arm64 1.0.1 161.00 OK
r-oldrel-macos-x86_64 1.0.1 247.00 OK
r-oldrel-windows-x86_64 1.0.1 10.00 373.00 383.00 OK

Check Details

Version: 1.0.1
Check: CRAN incoming feasibility
Result: NOTE Maintainer: ‘Jocelyn Chi <jocetchi@gmail.com>’ Package CITATION file contains call(s) to old-style citEntry(). Please use bibentry() instead. The Description field contains Hsiao, Lin, Wang, Lee, Lu, and Tzeng. (2021+) <arXiv:2105.03228>. Please refer to arXiv e-prints via their arXiv DOI <doi:10.48550/arXiv.YYMM.NNNNN>. Flavors: r-devel-linux-x86_64-debian-clang, r-devel-linux-x86_64-debian-gcc