CRAN Package Check Results for Package Rraven

Last updated on 2025-07-04 00:50:17 CEST.

Flavor Version Tinstall Tcheck Ttotal Status Flags
r-devel-linux-x86_64-debian-clang 1.0.14 3.31 40.83 44.14 OK
r-devel-linux-x86_64-debian-gcc 1.0.14 2.04 33.03 35.07 OK
r-devel-linux-x86_64-fedora-clang 1.0.14 69.32 OK
r-devel-linux-x86_64-fedora-gcc 1.0.14 79.69 OK
r-devel-windows-x86_64 1.0.14 5.00 63.00 68.00 OK
r-patched-linux-x86_64 1.0.14 3.69 38.31 42.00 OK
r-release-linux-x86_64 1.0.14 3.25 38.50 41.75 OK
r-release-macos-arm64 1.0.14 43.00 OK
r-release-macos-x86_64 1.0.14 84.00 OK
r-release-windows-x86_64 1.0.14 6.00 64.00 70.00 OK
r-oldrel-macos-arm64 1.0.14 44.00 NOTE
r-oldrel-macos-x86_64 1.0.14 70.00 NOTE
r-oldrel-windows-x86_64 1.0.14 7.00 73.00 80.00 NOTE

Check Details

Version: 1.0.14
Check: installed package size
Result: NOTE installed size is 5.5Mb sub-directories of 1Mb or more: doc 5.3Mb Flavors: r-oldrel-macos-arm64, r-oldrel-macos-x86_64, r-oldrel-windows-x86_64