CRAN Package Check Results for Package RpeakChrom

Last updated on 2025-10-12 11:50:19 CEST.

Flavor Version Tinstall Tcheck Ttotal Status Flags
r-devel-linux-x86_64-debian-clang 1.1.0 6.55 67.96 74.51 NOTE
r-devel-linux-x86_64-debian-gcc 1.1.0 4.70 48.18 52.88 NOTE
r-devel-linux-x86_64-fedora-clang 1.1.0 126.55 OK
r-devel-linux-x86_64-fedora-gcc 1.1.0 118.44 OK
r-devel-windows-x86_64 1.1.0 8.00 73.00 81.00 OK
r-patched-linux-x86_64 1.1.0 6.76 63.44 70.20 OK
r-release-linux-x86_64 1.1.0 6.56 64.06 70.62 OK
r-release-macos-arm64 1.1.0 27.00 OK
r-release-macos-x86_64 1.1.0 55.00 OK
r-release-windows-x86_64 1.1.0 8.00 75.00 83.00 OK
r-oldrel-macos-arm64 1.1.0 27.00 OK
r-oldrel-macos-x86_64 1.1.0 40.00 OK
r-oldrel-windows-x86_64 1.1.0 12.00 94.00 106.00 OK

Check Details

Version: 1.1.0
Check: CRAN incoming feasibility
Result: NOTE Maintainer: ‘Manuel David Peris Diaz <madape@alumni.uv.es>’ No Authors@R field in DESCRIPTION. Please add one, modifying Authors@R: c(person(given = c("Manuel", "David", "Peris"), family = "Diaz", role = c("aut", "cre"), email = "madape@alumni.uv.es"), person(given = c("Maria", "Isabel", "Alcoriza"), family = "Balaguer", role = "aut")) as necessary. Flavors: r-devel-linux-x86_64-debian-clang, r-devel-linux-x86_64-debian-gcc