Last updated on 2025-07-04 22:49:35 CEST.
Flavor | Version | Tinstall | Tcheck | Ttotal | Status | Flags |
---|---|---|---|---|---|---|
r-devel-linux-x86_64-debian-clang | 1.4-7 | 21.43 | 80.84 | 102.27 | NOTE | |
r-devel-linux-x86_64-debian-gcc | 1.4-7 | 12.48 | 56.42 | 68.90 | NOTE | |
r-devel-linux-x86_64-fedora-clang | 1.4-7 | 165.27 | OK | |||
r-devel-linux-x86_64-fedora-gcc | 1.4-7 | 151.93 | OK | |||
r-devel-windows-x86_64 | 1.4-7 | 23.00 | 100.00 | 123.00 | OK | |
r-patched-linux-x86_64 | 1.4-7 | 18.35 | 78.64 | 96.99 | OK | |
r-release-linux-x86_64 | 1.4-7 | 17.59 | 76.25 | 93.84 | OK | |
r-release-macos-arm64 | 1.4-7 | 54.00 | OK | |||
r-release-macos-x86_64 | 1.4-7 | 109.00 | OK | |||
r-release-windows-x86_64 | 1.4-7 | 26.00 | 112.00 | 138.00 | OK | |
r-oldrel-macos-arm64 | 1.4-7 | 46.00 | OK | |||
r-oldrel-macos-x86_64 | 1.4-7 | 104.00 | OK | |||
r-oldrel-windows-x86_64 | 1.4-7 | 30.00 | 120.00 | 150.00 | OK |
Version: 1.4-7
Check: CRAN incoming feasibility
Result: NOTE
Maintainer: ‘A. Randriamiharisoa <exelami@gmail.com>’
No Authors@R field in DESCRIPTION.
Please add one, modifying
Authors@R: c(person(given = "Alfio",
family = "Marazzi",
role = "aut",
email = "Alfio.Marazzi@unisante.ch"),
person(given = "Jean-Luc",
family = "Muralti",
role = "aut"),
person(given = "A.",
family = "Randriamiharisoa",
role = "cre",
email = "exelami@gmail.com"))
as necessary.
Flavors: r-devel-linux-x86_64-debian-clang, r-devel-linux-x86_64-debian-gcc