Last updated on 2025-10-08 19:57:17 CEST.
Flavor | Version | Tinstall | Tcheck | Ttotal | Status | Flags |
---|---|---|---|---|---|---|
r-devel-linux-x86_64-debian-clang | 0.3.4.0.2 | 54.94 | 44.13 | 99.07 | OK | |
r-devel-linux-x86_64-debian-gcc | 0.3.4.0.2 | 44.81 | 38.25 | 83.06 | OK | |
r-devel-linux-x86_64-fedora-clang | 0.3.4.0.2 | 155.30 | OK | |||
r-devel-linux-x86_64-fedora-gcc | 0.3.4.0.2 | 191.07 | OK | |||
r-devel-windows-x86_64 | 0.3.4.0.2 | 80.00 | 197.00 | 277.00 | OK | |
r-patched-linux-x86_64 | 0.3.4.0.2 | 56.91 | 46.44 | 103.35 | OK | |
r-release-linux-x86_64 | 0.3.4.0.2 | 58.05 | 46.80 | 104.85 | OK | |
r-release-macos-arm64 | 0.3.4.0.2 | 92.00 | OK | |||
r-release-macos-x86_64 | 0.3.4.0.2 | 215.00 | OK | |||
r-release-windows-x86_64 | 0.3.4.0.2 | 78.00 | 209.00 | 287.00 | OK | |
r-oldrel-macos-arm64 | 0.3.4.0.2 | 80.00 | NOTE | |||
r-oldrel-macos-x86_64 | 0.3.4.0.2 | 399.00 | NOTE | |||
r-oldrel-windows-x86_64 | 0.3.4.0.2 | 89.00 | 231.00 | 320.00 | NOTE |
Version: 0.3.4.0.2
Check: installed package size
Result: NOTE
installed size is 34.0Mb
sub-directories of 1Mb or more:
include 9.5Mb
libs 24.1Mb
Flavors: r-oldrel-macos-arm64, r-oldrel-macos-x86_64, r-oldrel-windows-x86_64