Last updated on 2025-07-12 22:49:19 CEST.
Flavor | Version | Tinstall | Tcheck | Ttotal | Status | Flags |
---|---|---|---|---|---|---|
r-devel-linux-x86_64-debian-clang | 4.2 | 5.28 | 43.21 | 48.49 | NOTE | |
r-devel-linux-x86_64-debian-gcc | 4.2 | 3.20 | 31.49 | 34.69 | NOTE | |
r-devel-linux-x86_64-fedora-clang | 4.2 | 74.47 | OK | |||
r-devel-linux-x86_64-fedora-gcc | 4.2 | 71.80 | OK | |||
r-devel-windows-x86_64 | 4.2 | 7.00 | 56.00 | 63.00 | OK | |
r-patched-linux-x86_64 | 4.2 | 5.43 | 41.02 | 46.45 | OK | |
r-release-linux-x86_64 | 4.2 | 4.82 | 41.06 | 45.88 | OK | |
r-release-macos-arm64 | 4.2 | 26.00 | OK | |||
r-release-macos-x86_64 | 4.2 | 46.00 | OK | |||
r-release-windows-x86_64 | 4.2 | 5.00 | 76.00 | 81.00 | OK | |
r-oldrel-macos-arm64 | 4.2 | 23.00 | OK | |||
r-oldrel-macos-x86_64 | 4.2 | 36.00 | OK | |||
r-oldrel-windows-x86_64 | 4.2 | 8.00 | 67.00 | 75.00 | OK |
Version: 4.2
Check: CRAN incoming feasibility
Result: NOTE
Maintainer: ‘Doug Nychka <nychka@mines.edu>’
No Authors@R field in DESCRIPTION.
Please add one, modifying
Authors@R: c(person(given = "Doug",
family = "Nychka",
role = c("aut", "cre"),
email = "nychka@mines.edu"),
person(given = "Eric",
family = "Gilleland",
role = "aut"),
person(given = "Liangying",
family = "Zhang",
role = "aut"),
person(given = "Tim",
family = "Hoar",
role = "aut"),
person(given = "Kate",
family = "Young",
role = "aut"))
as necessary.
Flavors: r-devel-linux-x86_64-debian-clang, r-devel-linux-x86_64-debian-gcc