Last updated on 2025-07-04 14:49:38 CEST.
Flavor | Version | Tinstall | Tcheck | Ttotal | Status | Flags |
---|---|---|---|---|---|---|
r-devel-linux-x86_64-debian-clang | 3.2.4 | 24.54 | 241.31 | 265.85 | OK | |
r-devel-linux-x86_64-debian-gcc | 3.2.4 | 15.14 | 166.74 | 181.88 | OK | |
r-devel-linux-x86_64-fedora-clang | 3.2.4 | 418.06 | OK | |||
r-devel-linux-x86_64-fedora-gcc | 3.2.4 | 422.57 | OK | |||
r-devel-windows-x86_64 | 3.2.4 | 26.00 | 244.00 | 270.00 | OK | |
r-patched-linux-x86_64 | 3.2.4 | 24.87 | 234.37 | 259.24 | OK | |
r-release-linux-x86_64 | 3.2.4 | 21.45 | 233.71 | 255.16 | OK | |
r-release-macos-arm64 | 3.2.4 | 94.00 | OK | |||
r-release-macos-x86_64 | 3.2.4 | 164.00 | OK | |||
r-release-windows-x86_64 | 3.2.4 | 26.00 | 256.00 | 282.00 | OK | |
r-oldrel-macos-arm64 | 3.2.4 | 104.00 | NOTE | |||
r-oldrel-macos-x86_64 | 3.2.4 | 182.00 | NOTE | |||
r-oldrel-windows-x86_64 | 3.2.4 | 35.00 | 331.00 | 366.00 | NOTE |
Version: 3.2.4
Check: installed package size
Result: NOTE
installed size is 5.7Mb
sub-directories of 1Mb or more:
doc 4.6Mb
Flavors: r-oldrel-macos-arm64, r-oldrel-macos-x86_64, r-oldrel-windows-x86_64