CRAN Package Check Results for Package RPushbullet

Last updated on 2025-10-10 09:50:40 CEST.

Flavor Version Tinstall Tcheck Ttotal Status Flags
r-devel-linux-x86_64-debian-clang 0.3.4 1.89 25.24 27.13 NOTE
r-devel-linux-x86_64-debian-gcc 0.3.5 1.80 20.96 22.76 OK
r-devel-linux-x86_64-fedora-clang 0.3.5 39.61 OK
r-devel-linux-x86_64-fedora-gcc 0.3.5 38.85 OK
r-devel-windows-x86_64 0.3.5 7.00 62.00 69.00 OK
r-patched-linux-x86_64 0.3.4 2.14 22.88 25.02 OK
r-release-linux-x86_64 0.3.4 1.96 22.79 24.75 OK
r-release-macos-arm64 0.3.5 19.00 OK
r-release-macos-x86_64 0.3.5 39.00 OK
r-release-windows-x86_64 0.3.5 4.00 47.00 51.00 OK
r-oldrel-macos-arm64 0.3.5 23.00 OK
r-oldrel-macos-x86_64 0.3.5 45.00 OK
r-oldrel-windows-x86_64 0.3.5 6.00 50.00 56.00 OK

Check Details

Version: 0.3.4
Check: CRAN incoming feasibility
Result: NOTE Maintainer: ‘Dirk Eddelbuettel <edd@debian.org>’ No Authors@R field in DESCRIPTION. Please add one, modifying Authors@R: c(person(given = c("Dirk", "Eddelbuettel", "with", "contributions", "by", "Bill"), family = "Evans", role = "aut"), person(given = "Mike", family = "Birdgeneau", role = "aut"), person(given = "Henrik", family = "Bengtsson", role = "aut"), person(given = "Seth", family = "Wenchel", role = "aut"), person(given = "Colin", family = "Gillespie", role = "aut"), person(given = "Chan-Yub", family = "Park", role = "aut"), person(given = "Dirk", family = "Eddelbuettel", role = "cre", email = "edd@debian.org")) as necessary. Flavor: r-devel-linux-x86_64-debian-clang