Last updated on 2025-10-09 22:49:54 CEST.
Flavor | Version | Tinstall | Tcheck | Ttotal | Status | Flags |
---|---|---|---|---|---|---|
r-devel-linux-x86_64-debian-clang | 2.11-1 | 19.40 | 47.10 | 66.50 | OK | |
r-devel-linux-x86_64-debian-gcc | 2.11-1 | 13.02 | 34.64 | 47.66 | OK | |
r-devel-linux-x86_64-fedora-clang | 2.11-1 | 101.01 | OK | |||
r-devel-linux-x86_64-fedora-gcc | 2.11-1 | 106.65 | OK | |||
r-devel-windows-x86_64 | 2.11-1 | 82.00 | 187.00 | 269.00 | OK | |
r-patched-linux-x86_64 | 2.11-1 | 15.37 | 43.54 | 58.91 | OK | |
r-release-linux-x86_64 | 2.11-1 | 14.70 | 43.68 | 58.38 | OK | |
r-release-macos-arm64 | 2.11-1 | 71.00 | OK | |||
r-release-macos-x86_64 | 2.11-1 | 106.00 | OK | |||
r-release-windows-x86_64 | 2.11-1 | 89.00 | 203.00 | 292.00 | OK | |
r-oldrel-macos-arm64 | 2.11-1 | 72.00 | NOTE | |||
r-oldrel-macos-x86_64 | 2.11-1 | 107.00 | NOTE | |||
r-oldrel-windows-x86_64 | 2.11-1 | 111.00 | 234.00 | 345.00 | NOTE |
Version: 2.11-1
Check: package dependencies
Result: NOTE
Packages which this enhances but not available for checking:
'pbdMPI', 'Rmpi'
Flavors: r-oldrel-macos-arm64, r-oldrel-macos-x86_64
Version: 2.11-1
Check: installed package size
Result: NOTE
installed size is 6.8Mb
sub-directories of 1Mb or more:
libs 6.6Mb
Flavors: r-oldrel-macos-arm64, r-oldrel-macos-x86_64, r-oldrel-windows-x86_64
Version: 2.11-1
Check: Rd cross-references
Result: NOTE
Packages unavailable to check Rd xrefs: ‘pbdMPI’, ‘Rmpi’
Flavors: r-oldrel-macos-arm64, r-oldrel-macos-x86_64