Last updated on 2025-07-04 14:49:37 CEST.
Flavor | Version | Tinstall | Tcheck | Ttotal | Status | Flags |
---|---|---|---|---|---|---|
r-devel-linux-x86_64-debian-clang | 3.1-8 | 17.32 | 63.90 | 81.22 | NOTE | |
r-devel-linux-x86_64-debian-gcc | 3.1-8 | 11.78 | 47.06 | 58.84 | NOTE | |
r-devel-linux-x86_64-fedora-clang | 3.1-8 | 129.47 | NOTE | |||
r-devel-linux-x86_64-fedora-gcc | 3.1-8 | 122.74 | NOTE | |||
r-devel-windows-x86_64 | 3.1-8 | 20.00 | 87.00 | 107.00 | NOTE | |
r-patched-linux-x86_64 | 3.1-8 | 15.48 | 61.02 | 76.50 | NOTE | |
r-release-linux-x86_64 | 3.1-8 | 16.56 | 61.02 | 77.58 | NOTE | |
r-release-macos-arm64 | 3.1-8 | 48.00 | NOTE | |||
r-release-macos-x86_64 | 3.1-8 | 89.00 | NOTE | |||
r-release-windows-x86_64 | 3.1-8 | 20.00 | 93.00 | 113.00 | NOTE | |
r-oldrel-macos-arm64 | 3.1-8 | 42.00 | NOTE | |||
r-oldrel-macos-x86_64 | 3.1-8 | 61.00 | NOTE | |||
r-oldrel-windows-x86_64 | 3.1-8 | 25.00 | 114.00 | 139.00 | NOTE |
Version: 3.1-8
Check: CRAN incoming feasibility
Result: NOTE
Maintainer: ‘Fabian Scheipl <fabian.scheipl@stat.uni-muenchen.de>’
Package CITATION file contains call(s) to old-style personList() or
as.personList(). Please use c() on person objects instead.
Package CITATION file contains call(s) to old-style citEntry(). Please
use bibentry() instead.
Flavors: r-devel-linux-x86_64-debian-clang, r-devel-linux-x86_64-debian-gcc
Version: 3.1-8
Check: C++ specification
Result: NOTE
Specified C++11: please drop specification unless essential
Flavors: r-devel-linux-x86_64-debian-clang, r-devel-linux-x86_64-debian-gcc, r-devel-linux-x86_64-fedora-clang, r-devel-linux-x86_64-fedora-gcc, r-devel-windows-x86_64, r-patched-linux-x86_64, r-release-linux-x86_64, r-release-macos-arm64, r-release-macos-x86_64, r-release-windows-x86_64, r-oldrel-macos-arm64, r-oldrel-macos-x86_64, r-oldrel-windows-x86_64