CRAN Package Check Results for Package REPTILE

Last updated on 2025-10-12 07:51:07 CEST.

Flavor Version Tinstall Tcheck Ttotal Status Flags
r-devel-linux-x86_64-debian-clang 1.0 2.34 30.99 33.33 NOTE
r-devel-linux-x86_64-debian-gcc 1.0 1.81 24.28 26.09 NOTE
r-devel-linux-x86_64-fedora-clang 1.0 48.88 OK
r-devel-linux-x86_64-fedora-gcc 1.0 46.04 OK
r-devel-windows-x86_64 1.0 4.00 51.00 55.00 OK
r-patched-linux-x86_64 1.0 2.75 29.11 31.86 OK
r-release-linux-x86_64 1.0 2.31 29.47 31.78 OK
r-release-macos-arm64 1.0 24.00 OK
r-release-macos-x86_64 1.0 34.00 OK
r-release-windows-x86_64 1.0 4.00 51.00 55.00 OK
r-oldrel-macos-arm64 1.0 22.00 OK
r-oldrel-macos-x86_64 1.0 31.00 OK
r-oldrel-windows-x86_64 1.0 5.00 55.00 60.00 OK

Check Details

Version: 1.0
Check: CRAN incoming feasibility
Result: NOTE Maintainer: ‘Yupeng He <yupeng.he.bioinfo@gmail.com>’ No Authors@R field in DESCRIPTION. Please add one, modifying Authors@R: person(given = "Yupeng", family = "He", role = c("aut", "cre"), email = "yupeng.he.bioinfo@gmail.com") as necessary. Flavors: r-devel-linux-x86_64-debian-clang, r-devel-linux-x86_64-debian-gcc