Last updated on 2025-10-10 07:50:25 CEST.
Flavor | Version | Tinstall | Tcheck | Ttotal | Status | Flags |
---|---|---|---|---|---|---|
r-devel-linux-x86_64-debian-clang | 0.1.2 | 34.22 | 253.35 | 287.57 | OK | |
r-devel-linux-x86_64-debian-gcc | 0.1.2 | 22.90 | 183.83 | 206.73 | OK | |
r-devel-linux-x86_64-fedora-clang | 0.1.2 | 456.12 | OK | |||
r-devel-linux-x86_64-fedora-gcc | 0.1.2 | 446.05 | OK | |||
r-devel-windows-x86_64 | 0.1.2 | 10.00 | 4.00 | 14.00 | ERROR | |
r-patched-linux-x86_64 | 0.1.2 | 31.39 | 241.20 | 272.59 | OK | |
r-release-linux-x86_64 | 0.1.2 | 29.30 | 244.22 | 273.52 | OK | |
r-release-macos-arm64 | 0.1.2 | 5.00 | ERROR | |||
r-release-macos-x86_64 | 0.1.2 | 225.00 | OK | |||
r-release-windows-x86_64 | 0.1.2 | 40.00 | 231.00 | 271.00 | OK | |
r-oldrel-macos-arm64 | 0.1.2 | 10.00 | ERROR | |||
r-oldrel-macos-x86_64 | 0.1.2 | 235.00 | OK | |||
r-oldrel-windows-x86_64 | 0.1.2 | 45.00 | 278.00 | 323.00 | OK |
Version: 0.1.2
Check: whether package can be installed
Result: ERROR
Installation failed.
Flavor: r-devel-windows-x86_64
Version: 0.1.2
Check: package dependencies
Result: ERROR
Packages required but not available: 'org.Hs.eg.db', 'reactome.db'
See section ‘The DESCRIPTION file’ in the ‘Writing R Extensions’
manual.
Flavor: r-release-macos-arm64
Version: 0.1.2
Check: package dependencies
Result: ERROR
Package required but not available: ‘reactome.db’
See section ‘The DESCRIPTION file’ in the ‘Writing R Extensions’
manual.
Flavor: r-oldrel-macos-arm64