Last updated on 2025-10-10 09:50:37 CEST.
Flavor | Version | Tinstall | Tcheck | Ttotal | Status | Flags |
---|---|---|---|---|---|---|
r-devel-linux-x86_64-debian-clang | 0.6.0 | 6.46 | 73.36 | 79.82 | NOTE | |
r-devel-linux-x86_64-debian-gcc | 0.6.0 | 5.05 | 53.75 | 58.80 | NOTE | |
r-devel-linux-x86_64-fedora-clang | 0.6.0 | 122.54 | OK | |||
r-devel-linux-x86_64-fedora-gcc | 0.6.0 | 114.70 | OK | |||
r-devel-windows-x86_64 | 0.6.0 | 10.00 | 86.00 | 96.00 | OK | |
r-patched-linux-x86_64 | 0.6.0 | 6.67 | 70.25 | 76.92 | OK | |
r-release-linux-x86_64 | 0.6.0 | 6.25 | 70.07 | 76.32 | OK | |
r-release-macos-arm64 | 0.6.0 | 33.00 | OK | |||
r-release-macos-x86_64 | 0.6.0 | 56.00 | OK | |||
r-release-windows-x86_64 | 0.6.0 | 9.00 | 87.00 | 96.00 | OK | |
r-oldrel-macos-arm64 | 0.6.0 | 31.00 | OK | |||
r-oldrel-macos-x86_64 | 0.6.0 | 46.00 | OK | |||
r-oldrel-windows-x86_64 | 0.6.0 | 16.00 | 107.00 | 123.00 | OK |
Version: 0.6.0
Check: CRAN incoming feasibility
Result: NOTE
Maintainer: ‘Dabao Zhang <zhangdb@purdue.edu>’
No Authors@R field in DESCRIPTION.
Please add one, modifying
Authors@R: c(person(given = "Dabao",
family = "Zhang",
role = c("aut", "cre"),
email = "zhangdb@purdue.edu"),
person(given = "Zhongli",
family = "Jiang",
role = "aut"),
person(given = "Zeyu",
family = "Zhang",
role = "aut"),
person(given = "Yu-ting",
family = "Chen",
role = "aut"))
as necessary.
Flavors: r-devel-linux-x86_64-debian-clang, r-devel-linux-x86_64-debian-gcc