Last updated on 2025-07-05 13:48:30 CEST.
Flavor | Version | Tinstall | Tcheck | Ttotal | Status | Flags |
---|---|---|---|---|---|---|
r-devel-linux-x86_64-debian-clang | 1.9.8 | 345.41 | 96.39 | 441.80 | OK | |
r-devel-linux-x86_64-debian-gcc | 1.9.8 | 216.26 | 72.57 | 288.83 | OK | |
r-devel-linux-x86_64-fedora-clang | 1.9.8 | 1112.01 | OK | |||
r-devel-linux-x86_64-fedora-gcc | 1.9.8 | 607.59 | OK | |||
r-devel-windows-x86_64 | 1.9.8 | 372.00 | 120.00 | 492.00 | OK | |
r-patched-linux-x86_64 | 1.9.8 | 313.56 | 94.13 | 407.69 | OK | |
r-release-linux-x86_64 | 1.9.8 | 303.50 | 94.35 | 397.85 | OK | |
r-release-macos-arm64 | 1.9.8 | 154.00 | OK | |||
r-release-macos-x86_64 | 1.9.8 | 183.00 | OK | |||
r-release-windows-x86_64 | 1.9.8 | 391.00 | 130.00 | 521.00 | OK | |
r-oldrel-macos-arm64 | 1.9.8 | 174.00 | NOTE | |||
r-oldrel-macos-x86_64 | 1.9.8 | 215.00 | NOTE | |||
r-oldrel-windows-x86_64 | 1.9.8 | 460.00 | 152.00 | 612.00 | NOTE |
Version: 1.9.8
Check: installed package size
Result: NOTE
installed size is 20.9Mb
sub-directories of 1Mb or more:
doc 5.3Mb
libs 15.2Mb
Flavors: r-oldrel-macos-arm64, r-oldrel-macos-x86_64, r-oldrel-windows-x86_64