Last updated on 2025-10-10 22:50:37 CEST.
Flavor | Version | Tinstall | Tcheck | Ttotal | Status | Flags |
---|---|---|---|---|---|---|
r-devel-linux-x86_64-debian-clang | 0.2 | 5.45 | 48.85 | 54.30 | OK | |
r-devel-linux-x86_64-debian-gcc | 0.2 | 4.80 | 36.86 | 41.66 | OK | |
r-devel-linux-x86_64-fedora-clang | 0.2 | 85.18 | OK | |||
r-devel-linux-x86_64-fedora-gcc | 0.2 | 83.74 | OK | |||
r-devel-windows-x86_64 | 0.2 | 7.00 | 63.00 | 70.00 | OK | |
r-patched-linux-x86_64 | 0.2 | 4.25 | 46.25 | 50.50 | OK | |
r-release-linux-x86_64 | 0.2 | 5.42 | 46.50 | 51.92 | OK | |
r-release-macos-arm64 | 0.2 | 29.00 | OK | |||
r-release-macos-x86_64 | 0.2 | 50.00 | OK | |||
r-release-windows-x86_64 | 0.2 | 7.00 | 65.00 | 72.00 | OK | |
r-oldrel-macos-arm64 | 0.2 | 26.00 | NOTE | |||
r-oldrel-macos-x86_64 | 0.2 | 44.00 | NOTE | |||
r-oldrel-windows-x86_64 | 0.2 | 9.00 | 74.00 | 83.00 | NOTE |
Version: 0.2
Check: package dependencies
Result: NOTE
Package which this enhances but not available for checking: ‘jpndistrict’
Flavors: r-oldrel-macos-arm64, r-oldrel-macos-x86_64, r-oldrel-windows-x86_64