Last updated on 2025-10-08 16:49:01 CEST.
Flavor | Version | Tinstall | Tcheck | Ttotal | Status | Flags |
---|---|---|---|---|---|---|
r-devel-linux-x86_64-debian-clang | 1.2.4 | 32.09 | 114.57 | 146.66 | NOTE | |
r-devel-linux-x86_64-debian-gcc | 1.2.4 | 20.94 | 80.81 | 101.75 | NOTE | |
r-devel-linux-x86_64-fedora-clang | 1.2.4 | 243.82 | NOTE | |||
r-devel-linux-x86_64-fedora-gcc | 1.2.4 | 242.89 | NOTE | |||
r-devel-windows-x86_64 | 1.2.4 | 40.00 | 133.00 | 173.00 | NOTE | |
r-patched-linux-x86_64 | 1.2.4 | 32.77 | 106.21 | 138.98 | NOTE | |
r-release-linux-x86_64 | 1.2.4 | 30.66 | 107.22 | 137.88 | NOTE | |
r-release-macos-arm64 | 1.2.4 | 92.00 | NOTE | |||
r-release-macos-x86_64 | 1.2.4 | 117.00 | NOTE | |||
r-release-windows-x86_64 | 1.2.4 | 40.00 | 134.00 | 174.00 | NOTE | |
r-oldrel-macos-arm64 | 1.2.4 | 68.00 | NOTE | |||
r-oldrel-macos-x86_64 | 1.2.4 | 142.00 | NOTE | |||
r-oldrel-windows-x86_64 | 1.2.4 | 50.00 | 169.00 | 219.00 | NOTE |
Version: 1.2.4
Check: CRAN incoming feasibility
Result: NOTE
Maintainer: ‘Fridolin Linder <fridolin.linder@gmail.com>’
Package CITATION file contains call(s) to old-style personList() or
as.personList(). Please use c() on person objects instead.
Package CITATION file contains call(s) to old-style citEntry(). Please
use bibentry() instead.
Found the following URLs which should use \doi (with the DOI name only):
File ‘policies.Rd’:
https://doi.org/10.7910/DVN/CVYSR7
Flavors: r-devel-linux-x86_64-debian-clang, r-devel-linux-x86_64-debian-gcc
Version: 1.2.4
Check: C++ specification
Result: NOTE
Specified C++11: please drop specification unless essential
Flavors: r-devel-linux-x86_64-debian-clang, r-devel-linux-x86_64-debian-gcc, r-devel-linux-x86_64-fedora-clang, r-devel-linux-x86_64-fedora-gcc, r-devel-windows-x86_64, r-patched-linux-x86_64, r-release-linux-x86_64, r-release-macos-arm64, r-release-macos-x86_64, r-release-windows-x86_64, r-oldrel-macos-arm64, r-oldrel-macos-x86_64, r-oldrel-windows-x86_64