CRAN Package Check Results for Package MultisiteMediation

Last updated on 2025-07-06 00:49:22 CEST.

Flavor Version Tinstall Tcheck Ttotal Status Flags
r-devel-linux-x86_64-debian-clang 0.0.4 20.06 136.83 156.89 NOTE
r-devel-linux-x86_64-debian-gcc 0.0.4 12.05 90.77 102.82 NOTE
r-devel-linux-x86_64-fedora-clang 0.0.4 246.23 OK
r-devel-linux-x86_64-fedora-gcc 0.0.4 233.18 OK
r-devel-windows-x86_64 0.0.4 17.00 129.00 146.00 OK
r-patched-linux-x86_64 0.0.4 18.44 129.46 147.90 OK
r-release-linux-x86_64 0.0.4 16.07 129.48 145.55 OK
r-release-macos-arm64 0.0.4 84.00 OK
r-release-macos-x86_64 0.0.4 118.00 OK
r-release-windows-x86_64 0.0.4 18.00 133.00 151.00 OK
r-oldrel-macos-arm64 0.0.4 62.00 OK
r-oldrel-macos-x86_64 0.0.4 89.00 OK
r-oldrel-windows-x86_64 0.0.4 24.00 171.00 195.00 OK

Check Details

Version: 0.0.4
Check: CRAN incoming feasibility
Result: NOTE Maintainer: ‘Xu Qin <xuqin@pitt.edu>’ No Authors@R field in DESCRIPTION. Please add one, modifying Authors@R: c(person(given = "Xu", family = "Qin", role = c("aut", "cre"), email = "xuqin@pitt.edu"), person(given = "Guanglei", family = "Hong", role = "aut"), person(given = "Jonah", family = "Deutsch", role = "aut"), person(given = "Edward", family = "Bein", role = "aut")) as necessary. Flavors: r-devel-linux-x86_64-debian-clang, r-devel-linux-x86_64-debian-gcc