CRAN Package Check Results for Package MultiVarMI

Last updated on 2025-07-04 18:49:28 CEST.

Flavor Version Tinstall Tcheck Ttotal Status Flags
r-devel-linux-x86_64-debian-clang 1.0 7.21 60.38 67.59 NOTE
r-devel-linux-x86_64-debian-gcc 1.0 5.18 45.27 50.45 NOTE
r-devel-linux-x86_64-fedora-clang 1.0 102.45 OK
r-devel-linux-x86_64-fedora-gcc 1.0 99.15 OK
r-devel-windows-x86_64 1.0 7.00 74.00 81.00 OK
r-patched-linux-x86_64 1.0 6.45 57.53 63.98 OK
r-release-linux-x86_64 1.0 6.52 57.80 64.32 OK
r-release-macos-arm64 1.0 34.00 OK
r-release-macos-x86_64 1.0 64.00 OK
r-release-windows-x86_64 1.0 8.00 74.00 82.00 OK
r-oldrel-macos-arm64 1.0 34.00 OK
r-oldrel-macos-x86_64 1.0 80.00 OK
r-oldrel-windows-x86_64 1.0 10.00 88.00 98.00 OK

Check Details

Version: 1.0
Check: CRAN incoming feasibility
Result: NOTE Maintainer: ‘Rawan Allozi <ralloz2@uic.edu>’ No Authors@R field in DESCRIPTION. Please add one, modifying Authors@R: c(person(given = "Rawan", family = "Allozi", role = c("aut", "cre"), email = "ralloz2@uic.edu"), person(given = "Hakan", family = "Demirtas", role = "aut")) as necessary. Flavors: r-devel-linux-x86_64-debian-clang, r-devel-linux-x86_64-debian-gcc