CRAN Package Check Results for Package MultOrdRS

Last updated on 2025-10-09 23:51:19 CEST.

Flavor Version Tinstall Tcheck Ttotal Status Flags
r-devel-linux-x86_64-debian-clang 0.1-3 35.45 44.29 79.74 NOTE
r-devel-linux-x86_64-debian-gcc 0.1-3 21.17 30.17 51.34 NOTE
r-devel-linux-x86_64-fedora-clang 0.1-3 147.79 OK
r-devel-linux-x86_64-fedora-gcc 0.1-3 131.03 OK
r-devel-windows-x86_64 0.1-3 40.00 72.00 112.00 OK
r-patched-linux-x86_64 0.1-3 30.66 36.79 67.45 OK
r-release-linux-x86_64 0.1-3 34.26 36.89 71.15 OK
r-release-macos-arm64 0.1-3 37.00 OK
r-release-macos-x86_64 0.1-3 63.00 OK
r-release-windows-x86_64 0.1-3 40.00 74.00 114.00 OK
r-oldrel-macos-arm64 0.1-3 34.00 OK
r-oldrel-macos-x86_64 0.1-3 54.00 OK
r-oldrel-windows-x86_64 0.1-3 48.00 87.00 135.00 OK

Check Details

Version: 0.1-3
Check: CRAN incoming feasibility
Result: NOTE Maintainer: ‘Gunther Schauberger <gunther.schauberger@tum.de>’ No Authors@R field in DESCRIPTION. Please add one, modifying Authors@R: person(given = "Gunther", family = "Schauberger", role = c("aut", "cre"), email = "gunther.schauberger@tum.de") as necessary. Flavors: r-devel-linux-x86_64-debian-clang, r-devel-linux-x86_64-debian-gcc