Last updated on 2025-07-04 22:49:30 CEST.
Flavor | Version | Tinstall | Tcheck | Ttotal | Status | Flags |
---|---|---|---|---|---|---|
r-devel-linux-x86_64-debian-clang | 0.4.7 | 12.51 | 125.77 | 138.28 | NOTE | |
r-devel-linux-x86_64-debian-gcc | 0.4.7 | 9.36 | 78.84 | 88.20 | NOTE | |
r-devel-linux-x86_64-fedora-clang | 0.4.7 | 210.44 | OK | |||
r-devel-linux-x86_64-fedora-gcc | 0.4.7 | 218.51 | OK | |||
r-devel-windows-x86_64 | 0.4.7 | 15.00 | 138.00 | 153.00 | NOTE | |
r-patched-linux-x86_64 | 0.4.7 | 13.70 | 115.17 | 128.87 | NOTE | |
r-release-linux-x86_64 | 0.4.7 | 12.12 | 112.82 | 124.94 | NOTE | |
r-release-macos-arm64 | 0.4.7 | 102.00 | OK | |||
r-release-macos-x86_64 | 0.4.7 | 118.00 | OK | |||
r-release-windows-x86_64 | 0.4.7 | 17.00 | 141.00 | 158.00 | NOTE | |
r-oldrel-macos-arm64 | 0.4.7 | 60.00 | OK | |||
r-oldrel-macos-x86_64 | 0.4.7 | 103.00 | OK | |||
r-oldrel-windows-x86_64 | 0.4.7 | 19.00 | 172.00 | 191.00 | OK |
Version: 0.4.7
Check: Rd cross-references
Result: NOTE
Found the following Rd file(s) with Rd \link{} targets missing package
anchors:
plot.estMigConnectivity.Rd: plotCI
Please provide package anchors for all Rd \link{} targets not in the
package itself and the base packages.
Flavors: r-devel-linux-x86_64-debian-clang, r-devel-linux-x86_64-debian-gcc, r-devel-windows-x86_64, r-patched-linux-x86_64, r-release-linux-x86_64, r-release-windows-x86_64