Last updated on 2025-10-11 05:50:15 CEST.
Flavor | Version | Tinstall | Tcheck | Ttotal | Status | Flags |
---|---|---|---|---|---|---|
r-devel-linux-x86_64-debian-clang | 0.1.4 | 10.56 | 107.59 | 118.15 | OK | |
r-devel-linux-x86_64-debian-gcc | 0.1.4 | 8.73 | 25.60 | 34.33 | ERROR | |
r-devel-linux-x86_64-fedora-clang | 0.1.4 | 76.54 | ERROR | |||
r-devel-linux-x86_64-fedora-gcc | 0.1.4 | 90.71 | ERROR | |||
r-devel-windows-x86_64 | 0.1.4 | 15.00 | 154.00 | 169.00 | OK | |
r-patched-linux-x86_64 | 0.1.4 | 12.15 | 144.90 | 157.05 | OK | |
r-release-linux-x86_64 | 0.1.4 | 12.37 | 143.78 | 156.15 | OK | |
r-release-macos-arm64 | 0.1.4 | 115.00 | OK | |||
r-release-macos-x86_64 | 0.1.4 | 218.00 | OK | |||
r-release-windows-x86_64 | 0.1.4 | 15.00 | 159.00 | 174.00 | OK | |
r-oldrel-macos-arm64 | 0.1.4 | 92.00 | OK | |||
r-oldrel-macos-x86_64 | 0.1.4 | 335.00 | OK | |||
r-oldrel-windows-x86_64 | 0.1.4 | 15.00 | 215.00 | 230.00 | OK |
Version: 0.1.4
Check: re-building of vignette outputs
Result: ERROR
Error(s) in re-building vignettes:
...
--- re-building ‘Mhorseshoe.Rmd’ using rmarkdown
Quitting from Mhorseshoe.Rmd:10-18 [unnamed-chunk-1]
~~~~~~~~~~~~~~~~~~~~~~~~~~~~~~~~~~~~~~~~~~~~~~~~~~~~~~~~~~~~~~~~~~~~~~~~~~~~~~~~
<error/rlang_error>
Error in `library()`:
! there is no package called 'horseshoe'
---
Backtrace:
▆
1. └─base::library(horseshoe)
~~~~~~~~~~~~~~~~~~~~~~~~~~~~~~~~~~~~~~~~~~~~~~~~~~~~~~~~~~~~~~~~~~~~~~~~~~~~~~~~
Error: processing vignette 'Mhorseshoe.Rmd' failed with diagnostics:
there is no package called 'horseshoe'
--- failed re-building ‘Mhorseshoe.Rmd’
SUMMARY: processing the following file failed:
‘Mhorseshoe.Rmd’
Error: Vignette re-building failed.
Execution halted
Flavor: r-devel-linux-x86_64-debian-gcc
Version: 0.1.4
Check: re-building of vignette outputs
Result: ERROR
Error(s) in re-building vignettes:
--- re-building ‘Mhorseshoe.Rmd’ using rmarkdown
Quitting from Mhorseshoe.Rmd:10-18 [unnamed-chunk-1]
~~~~~~~~~~~~~~~~~~~~~~~~~~~~~~~~~~~~~~~~~~~~~~~~~~~~~~~~~~~~~~~~~~~~~~~~~~~~~~~~
<error/rlang_error>
Error in `library()`:
! there is no package called 'horseshoe'
---
Backtrace:
▆
1. └─base::library(horseshoe)
~~~~~~~~~~~~~~~~~~~~~~~~~~~~~~~~~~~~~~~~~~~~~~~~~~~~~~~~~~~~~~~~~~~~~~~~~~~~~~~~
Error: processing vignette 'Mhorseshoe.Rmd' failed with diagnostics:
there is no package called 'horseshoe'
--- failed re-building ‘Mhorseshoe.Rmd’
SUMMARY: processing the following file failed:
‘Mhorseshoe.Rmd’
Error: Vignette re-building failed.
Execution halted
Flavors: r-devel-linux-x86_64-fedora-clang, r-devel-linux-x86_64-fedora-gcc