Last updated on 2025-07-05 13:48:28 CEST.
Flavor | Version | Tinstall | Tcheck | Ttotal | Status | Flags |
---|---|---|---|---|---|---|
r-devel-linux-x86_64-debian-clang | 1.0.1 | 176.26 | 26.29 | 202.55 | OK | |
r-devel-linux-x86_64-debian-gcc | 1.0.1 | 122.62 | 20.42 | 143.04 | OK | |
r-devel-linux-x86_64-fedora-clang | 1.0.1 | 500.97 | OK | |||
r-devel-linux-x86_64-fedora-gcc | 1.0.1 | 348.31 | OK | |||
r-devel-windows-x86_64 | 1.0.1 | 447.00 | 76.00 | 523.00 | OK | |
r-patched-linux-x86_64 | 1.0.1 | 167.68 | 24.02 | 191.70 | OK | |
r-release-linux-x86_64 | 1.0.1 | 162.95 | 24.09 | 187.04 | OK | |
r-release-macos-arm64 | 1.0.1 | 106.00 | OK | |||
r-release-macos-x86_64 | 1.0.1 | 85.00 | OK | |||
r-release-windows-x86_64 | 1.0.1 | 489.00 | 75.00 | 564.00 | OK | |
r-oldrel-macos-arm64 | 1.0.1 | 79.00 | NOTE | |||
r-oldrel-macos-x86_64 | 1.0.1 | 66.00 | NOTE | |||
r-oldrel-windows-x86_64 | 1.0.1 | 495.00 | 87.00 | 582.00 | OK |
Version: 1.0.1
Check: installed package size
Result: NOTE
installed size is 10.1Mb
sub-directories of 1Mb or more:
libs 9.8Mb
Flavors: r-oldrel-macos-arm64, r-oldrel-macos-x86_64