Last updated on 2025-07-12 14:48:31 CEST.
Flavor | Version | Tinstall | Tcheck | Ttotal | Status | Flags |
---|---|---|---|---|---|---|
r-devel-linux-x86_64-debian-clang | 1.0 | 4.91 | 41.96 | 46.87 | NOTE | |
r-devel-linux-x86_64-debian-gcc | 1.0 | 3.89 | 31.79 | 35.68 | NOTE | |
r-devel-linux-x86_64-fedora-clang | 1.0 | 73.21 | OK | |||
r-devel-linux-x86_64-fedora-gcc | 1.0 | 70.17 | OK | |||
r-devel-windows-x86_64 | 1.0 | 6.00 | 62.00 | 68.00 | OK | |
r-patched-linux-x86_64 | 1.0 | 6.27 | 40.03 | 46.30 | OK | |
r-release-linux-x86_64 | 1.0 | 5.87 | 39.35 | 45.22 | OK | |
r-release-macos-arm64 | 1.0 | 26.00 | OK | |||
r-release-macos-x86_64 | 1.0 | 45.00 | OK | |||
r-release-windows-x86_64 | 1.0 | 5.00 | 63.00 | 68.00 | OK | |
r-oldrel-macos-arm64 | 1.0 | 24.00 | OK | |||
r-oldrel-macos-x86_64 | 1.0 | 37.00 | OK | |||
r-oldrel-windows-x86_64 | 1.0 | 8.00 | 57.00 | 65.00 | OK |
Version: 1.0
Check: CRAN incoming feasibility
Result: NOTE
Maintainer: ‘Tom Stindl <t.stindl@unsw.edu.au>’
No Authors@R field in DESCRIPTION.
Please add one, modifying
Authors@R: c(person(given = "Tom",
family = "Stindl",
role = c("aut", "cre"),
email = "t.stindl@unsw.edu.au"),
person(given = "Feng",
family = "Chen",
role = "aut"))
as necessary.
Flavors: r-devel-linux-x86_64-debian-clang, r-devel-linux-x86_64-debian-gcc