Last updated on 2025-10-10 10:49:35 CEST.
Flavor | Version | Tinstall | Tcheck | Ttotal | Status | Flags |
---|---|---|---|---|---|---|
r-devel-linux-x86_64-debian-clang | 2.1 | 5.82 | 77.36 | 83.18 | NOTE | |
r-devel-linux-x86_64-debian-gcc | 2.1 | 4.21 | 52.69 | 56.90 | NOTE | |
r-devel-linux-x86_64-fedora-clang | 2.1 | 132.24 | NOTE | |||
r-devel-linux-x86_64-fedora-gcc | 2.1 | 124.05 | NOTE | |||
r-devel-windows-x86_64 | 2.1 | 8.00 | 86.00 | 94.00 | NOTE | |
r-patched-linux-x86_64 | 2.1 | 5.95 | 74.25 | 80.20 | NOTE | |
r-release-linux-x86_64 | 2.1 | 5.81 | 73.55 | 79.36 | NOTE | |
r-release-macos-arm64 | 2.1 | 36.00 | NOTE | |||
r-release-macos-x86_64 | 2.1 | 94.00 | NOTE | |||
r-release-windows-x86_64 | 2.1 | 7.00 | 83.00 | 90.00 | NOTE | |
r-oldrel-macos-arm64 | 2.1 | 32.00 | NOTE | |||
r-oldrel-macos-x86_64 | 2.1 | 61.00 | NOTE | |||
r-oldrel-windows-x86_64 | 2.1 | 11.00 | 109.00 | 120.00 | NOTE |
Version: 2.1
Check: Rd files
Result: NOTE
checkRd: (-1) LS.kalman.Rd:65: Escaped LaTeX specials: \&
checkRd: (-1) spectral.density.Rd:55: Escaped LaTeX specials: \&
Flavors: r-devel-linux-x86_64-debian-clang, r-devel-linux-x86_64-debian-gcc, r-devel-linux-x86_64-fedora-clang, r-devel-linux-x86_64-fedora-gcc, r-devel-windows-x86_64, r-patched-linux-x86_64, r-release-linux-x86_64, r-release-macos-arm64, r-release-macos-x86_64, r-release-windows-x86_64, r-oldrel-macos-arm64, r-oldrel-macos-x86_64, r-oldrel-windows-x86_64
Version: 2.1
Check: dependencies in R code
Result: NOTE
Namespace in Imports field not imported from: ‘Rdpack’
All declared Imports should be used.
Flavors: r-devel-linux-x86_64-fedora-clang, r-devel-linux-x86_64-fedora-gcc