Last updated on 2025-07-04 22:49:29 CEST.
Flavor | Version | Tinstall | Tcheck | Ttotal | Status | Flags |
---|---|---|---|---|---|---|
r-devel-linux-x86_64-debian-clang | 2024.6.19 | 11.29 | 30.95 | 42.24 | NOTE | |
r-devel-linux-x86_64-debian-gcc | 2024.6.19 | 8.31 | 23.92 | 32.23 | NOTE | |
r-devel-linux-x86_64-fedora-clang | 2024.6.19 | 69.65 | OK | |||
r-devel-linux-x86_64-fedora-gcc | 2024.6.19 | 66.09 | OK | |||
r-devel-windows-x86_64 | 2024.6.19 | 15.00 | 62.00 | 77.00 | OK | |
r-patched-linux-x86_64 | 2024.6.19 | 11.27 | 28.99 | 40.26 | OK | |
r-release-linux-x86_64 | 2024.6.19 | 10.83 | 28.78 | 39.61 | OK | |
r-release-macos-arm64 | 2024.6.19 | 26.00 | OK | |||
r-release-macos-x86_64 | 2024.6.19 | 36.00 | OK | |||
r-release-windows-x86_64 | 2024.6.19 | 15.00 | 67.00 | 82.00 | OK | |
r-oldrel-macos-arm64 | 2024.6.19 | 25.00 | OK | |||
r-oldrel-macos-x86_64 | 2024.6.19 | 61.00 | OK | |||
r-oldrel-windows-x86_64 | 2024.6.19 | 16.00 | 74.00 | 90.00 | OK |
Version: 2024.6.19
Check: CRAN incoming feasibility
Result: NOTE
Maintainer: ‘Toby Dylan Hocking <toby.hocking@r-project.org>’
No Authors@R field in DESCRIPTION.
Please add one, modifying
Authors@R: person(given = c("Toby", "Dylan"),
family = "Hocking",
role = c("aut", "cre"),
email = "toby.hocking@r-project.org")
as necessary.
Flavors: r-devel-linux-x86_64-debian-clang, r-devel-linux-x86_64-debian-gcc