CRAN Package Check Results for Package JGL

Last updated on 2025-07-04 07:49:31 CEST.

Flavor Version Tinstall Tcheck Ttotal Status Flags
r-devel-linux-x86_64-debian-clang 2.3.2 4.19 36.94 41.13 NOTE
r-devel-linux-x86_64-debian-gcc 2.3.2 2.45 26.84 29.29 NOTE
r-devel-linux-x86_64-fedora-clang 2.3.2 60.77 OK
r-devel-linux-x86_64-fedora-gcc 2.3.2 57.10 OK
r-devel-windows-x86_64 2.3.2 5.00 54.00 59.00 OK
r-patched-linux-x86_64 2.3.2 3.27 34.35 37.62 OK
r-release-linux-x86_64 2.3.2 3.84 33.61 37.45 OK
r-release-macos-arm64 2.3.2 24.00 OK
r-release-macos-x86_64 2.3.2 38.00 OK
r-release-windows-x86_64 2.3.2 5.00 57.00 62.00 OK
r-oldrel-macos-arm64 2.3.2 22.00 OK
r-oldrel-macos-x86_64 2.3.2 42.00 OK
r-oldrel-windows-x86_64 2.3.2 7.00 64.00 71.00 OK

Additional issues

ATLAS

Check Details

Version: 2.3.2
Check: CRAN incoming feasibility
Result: NOTE Maintainer: ‘Patrick Danaher <pdanaher@uw.edu>’ No Authors@R field in DESCRIPTION. Please add one, modifying Authors@R: person(given = "Patrick", family = "Danaher", role = c("aut", "cre"), email = "pdanaher@uw.edu") as necessary. Flavors: r-devel-linux-x86_64-debian-clang, r-devel-linux-x86_64-debian-gcc