CRAN Package Check Results for Package Isinglandr

Last updated on 2025-07-05 16:48:30 CEST.

Flavor Version Tinstall Tcheck Ttotal Status Flags
r-devel-linux-x86_64-debian-clang 0.1.1 7.36 57.59 64.95 NOTE
r-devel-linux-x86_64-debian-gcc 0.1.1 4.87 41.31 46.18 NOTE
r-devel-linux-x86_64-fedora-clang 0.1.1 95.69 NOTE
r-devel-linux-x86_64-fedora-gcc 0.1.1 93.96 NOTE
r-devel-windows-x86_64 0.1.1 8.00 71.00 79.00 NOTE
r-patched-linux-x86_64 0.1.1 7.22 53.46 60.68 NOTE
r-release-linux-x86_64 0.1.1 6.90 53.50 60.40 NOTE
r-release-macos-arm64 0.1.1 30.00 NOTE
r-release-macos-x86_64 0.1.1 48.00 NOTE
r-release-windows-x86_64 0.1.1 8.00 69.00 77.00 NOTE
r-oldrel-macos-arm64 0.1.1 28.00 OK
r-oldrel-macos-x86_64 0.1.1 42.00 OK
r-oldrel-windows-x86_64 0.1.1 12.00 83.00 95.00 OK

Check Details

Version: 0.1.1
Check: DESCRIPTION meta-information
Result: NOTE Missing dependency on R >= 4.1.0 because package code uses the pipe |> or function shorthand \(...) syntax added in R 4.1.0. File(s) using such syntax: ‘chain-simulation.R’ Flavors: r-devel-linux-x86_64-debian-clang, r-devel-linux-x86_64-debian-gcc, r-devel-linux-x86_64-fedora-clang, r-devel-linux-x86_64-fedora-gcc, r-devel-windows-x86_64, r-patched-linux-x86_64, r-release-linux-x86_64, r-release-macos-arm64, r-release-macos-x86_64, r-release-windows-x86_64