Last updated on 2025-07-04 14:49:30 CEST.
Flavor | Version | Tinstall | Tcheck | Ttotal | Status | Flags |
---|---|---|---|---|---|---|
r-devel-linux-x86_64-debian-clang | 0.0.9 | 7.83 | 101.53 | 109.36 | NOTE | |
r-devel-linux-x86_64-debian-gcc | 0.0.9 | 4.97 | 135.17 | 140.14 | NOTE | |
r-devel-linux-x86_64-fedora-clang | 0.0.9 | 134.34 | OK | |||
r-devel-linux-x86_64-fedora-gcc | 0.0.9 | 152.00 | OK | |||
r-devel-windows-x86_64 | 0.0.9 | 9.00 | 85.00 | 94.00 | OK | |
r-patched-linux-x86_64 | 0.0.9 | 6.80 | 106.42 | 113.22 | OK | |
r-release-linux-x86_64 | 0.0.9 | 6.37 | 93.65 | 100.02 | OK | |
r-release-macos-arm64 | 0.0.9 | 66.00 | OK | |||
r-release-macos-x86_64 | 0.0.9 | 81.00 | OK | |||
r-release-windows-x86_64 | 0.0.9 | 9.00 | 87.00 | 96.00 | OK | |
r-oldrel-macos-arm64 | 0.0.9 | 41.00 | OK | |||
r-oldrel-macos-x86_64 | 0.0.9 | 67.00 | OK | |||
r-oldrel-windows-x86_64 | 0.0.9 | 11.00 | 103.00 | 114.00 | OK |
Version: 0.0.9
Check: CRAN incoming feasibility
Result: NOTE
Maintainer: ‘Larsen Kim <kblarsen4@gmail.com>’
Found the following \keyword or \concept entries
which likely give several index terms:
File ‘Information.Rd’:
\keyword{IV,}
\keyword{NIV,}
\keyword{NWOE,}
\keyword{WOE,}
\keyword{classification,}
\keyword{weight-of-evidence,}
Flavors: r-devel-linux-x86_64-debian-clang, r-devel-linux-x86_64-debian-gcc