CRAN Package Check Results for Package IPEC

Last updated on 2025-07-12 21:50:46 CEST.

Flavor Version Tinstall Tcheck Ttotal Status Flags
r-devel-linux-x86_64-debian-clang 1.1.0 3.22 41.83 45.05 NOTE
r-devel-linux-x86_64-debian-gcc 1.1.0 2.10 30.43 32.53 NOTE
r-devel-linux-x86_64-fedora-clang 1.1.0 68.50 OK
r-devel-linux-x86_64-fedora-gcc 1.1.0 64.33 OK
r-devel-windows-x86_64 1.1.0 6.00 65.00 71.00 NOTE
r-patched-linux-x86_64 1.1.0 4.16 40.19 44.35 NOTE
r-release-linux-x86_64 1.1.0 3.06 39.71 42.77 NOTE
r-release-macos-arm64 1.1.0 22.00 OK
r-release-macos-x86_64 1.1.0 41.00 OK
r-release-windows-x86_64 1.1.0 4.00 83.00 87.00 NOTE
r-oldrel-macos-arm64 1.1.0 22.00 OK
r-oldrel-macos-x86_64 1.1.0 32.00 OK
r-oldrel-windows-x86_64 1.1.0 4.00 72.00 76.00 OK

Check Details

Version: 1.1.0
Check: Rd cross-references
Result: NOTE Found the following Rd file(s) with Rd \link{} targets missing package anchors: curvIPEC.Rd: hessian, jacobian, rms.curv skewIPEC.Rd: ginv Please provide package anchors for all Rd \link{} targets not in the package itself and the base packages. Flavors: r-devel-linux-x86_64-debian-clang, r-devel-linux-x86_64-debian-gcc, r-devel-windows-x86_64, r-patched-linux-x86_64, r-release-linux-x86_64, r-release-windows-x86_64