Last updated on 2025-07-05 10:49:25 CEST.
Flavor | Version | Tinstall | Tcheck | Ttotal | Status | Flags |
---|---|---|---|---|---|---|
r-devel-linux-x86_64-debian-clang | 0.1.1 | 29.99 | 263.29 | 293.28 | OK | |
r-devel-linux-x86_64-debian-gcc | 0.1.1 | 21.74 | 179.80 | 201.54 | OK | |
r-devel-linux-x86_64-fedora-clang | 0.1.1 | 440.23 | OK | |||
r-devel-linux-x86_64-fedora-gcc | 0.1.1 | 412.26 | OK | |||
r-devel-windows-x86_64 | 0.1.1 | 31.00 | 228.00 | 259.00 | OK | |
r-patched-linux-x86_64 | 0.1.1 | 30.62 | 246.73 | 277.35 | OK | |
r-release-linux-x86_64 | 0.1.1 | 29.07 | 241.99 | 271.06 | OK | |
r-release-macos-arm64 | 0.1.1 | 143.00 | OK | |||
r-release-macos-x86_64 | 0.1.1 | 255.00 | OK | |||
r-release-windows-x86_64 | 0.1.1 | 30.00 | 232.00 | 262.00 | OK | |
r-oldrel-macos-arm64 | 0.1.1 | 121.00 | NOTE | |||
r-oldrel-macos-x86_64 | 0.1.1 | 212.00 | NOTE | |||
r-oldrel-windows-x86_64 | 0.1.1 | 40.00 | 314.00 | 354.00 | NOTE |
Version: 0.1.1
Check: package dependencies
Result: NOTE
Package suggested but not available for checking: ‘microViz’
Flavors: r-oldrel-macos-arm64, r-oldrel-macos-x86_64, r-oldrel-windows-x86_64