CRAN Package Check Results for Package HTRX

Last updated on 2025-10-11 11:49:33 CEST.

Flavor Version Tinstall Tcheck Ttotal Status Flags
r-devel-linux-x86_64-debian-clang 1.2.4 3.70 115.32 119.02 OK
r-devel-linux-x86_64-debian-gcc 1.2.4 1.97 89.53 91.50 OK
r-devel-linux-x86_64-fedora-clang 1.2.4 175.89 NOTE
r-devel-linux-x86_64-fedora-gcc 1.2.4 188.33 NOTE
r-devel-windows-x86_64 1.2.4 5.00 147.00 152.00 OK
r-patched-linux-x86_64 1.2.4 3.93 109.17 113.10 OK
r-release-linux-x86_64 1.2.4 2.87 110.41 113.28 OK
r-release-macos-arm64 1.2.4 66.00 OK
r-release-macos-x86_64 1.2.4 146.00 OK
r-release-windows-x86_64 1.2.4 6.00 150.00 156.00 OK
r-oldrel-macos-arm64 1.2.4 61.00 OK
r-oldrel-macos-x86_64 1.2.4 90.00 OK
r-oldrel-windows-x86_64 1.2.4 8.00 184.00 192.00 OK

Check Details

Version: 1.2.4
Check: dependencies in R code
Result: NOTE Namespaces in Imports field not imported from: ‘recipes’ ‘tune’ All declared Imports should be used. Flavors: r-devel-linux-x86_64-fedora-clang, r-devel-linux-x86_64-fedora-gcc