Last updated on 2025-07-05 10:49:24 CEST.
Flavor | Version | Tinstall | Tcheck | Ttotal | Status | Flags |
---|---|---|---|---|---|---|
r-devel-linux-x86_64-debian-clang | 0.6.0 | 107.88 | 75.31 | 183.19 | OK | |
r-devel-linux-x86_64-debian-gcc | 0.6.0 | 78.59 | 56.89 | 135.48 | OK | |
r-devel-linux-x86_64-fedora-clang | 0.6.0 | 311.59 | OK | |||
r-devel-linux-x86_64-fedora-gcc | 0.6.0 | 327.63 | OK | |||
r-devel-windows-x86_64 | 0.6.0 | 111.00 | 99.00 | 210.00 | OK | |
r-patched-linux-x86_64 | 0.6.0 | 107.60 | 69.33 | 176.93 | OK | |
r-release-linux-x86_64 | 0.6.0 | 103.82 | 70.50 | 174.32 | OK | |
r-release-macos-arm64 | 0.6.0 | 90.00 | OK | |||
r-release-macos-x86_64 | 0.6.0 | 126.00 | OK | |||
r-release-windows-x86_64 | 0.6.0 | 115.00 | 105.00 | 220.00 | OK | |
r-oldrel-macos-arm64 | 0.6.0 | 79.00 | NOTE | |||
r-oldrel-macos-x86_64 | 0.6.0 | 120.00 | NOTE | |||
r-oldrel-windows-x86_64 | 0.6.0 | 133.00 | 133.00 | 266.00 | OK |
Version: 0.6.0
Check: installed package size
Result: NOTE
installed size is 7.9Mb
sub-directories of 1Mb or more:
libs 7.4Mb
Flavors: r-oldrel-macos-arm64, r-oldrel-macos-x86_64