Last updated on 2025-10-11 11:49:33 CEST.
Flavor | Version | Tinstall | Tcheck | Ttotal | Status | Flags |
---|---|---|---|---|---|---|
r-devel-linux-x86_64-debian-clang | 0.5.1 | 70.21 | 230.81 | 301.02 | OK | |
r-devel-linux-x86_64-debian-gcc | 0.5.1 | 48.42 | 156.58 | 205.00 | OK | |
r-devel-linux-x86_64-fedora-clang | 0.5.1 | 500.52 | OK | |||
r-devel-linux-x86_64-fedora-gcc | 0.5.1 | 470.92 | OK | |||
r-devel-windows-x86_64 | 0.5.1 | 85.00 | 227.00 | 312.00 | OK | |
r-patched-linux-x86_64 | 0.5.1 | 73.05 | 220.97 | 294.02 | OK | |
r-release-linux-x86_64 | 0.5.1 | 69.90 | 222.70 | 292.60 | OK | |
r-release-macos-arm64 | 0.5.1 | 120.00 | OK | |||
r-release-macos-x86_64 | 0.5.1 | 261.00 | OK | |||
r-release-windows-x86_64 | 0.5.1 | 85.00 | 230.00 | 315.00 | OK | |
r-oldrel-macos-arm64 | 0.5.1 | 147.00 | WARN | |||
r-oldrel-macos-x86_64 | 0.5.1 | 272.00 | WARN | |||
r-oldrel-windows-x86_64 | 0.5.1 | 99.00 | 335.00 | 434.00 | WARN |
Version: 0.5.1
Check: S3 generic/method consistency
Result: WARN
mdffits:
function(model, ...)
mdffits.mer:
function(object, level, delete, ...)
See section ‘Generic functions and methods’ in the ‘Writing R
Extensions’ manual.
Flavors: r-oldrel-macos-arm64, r-oldrel-macos-x86_64, r-oldrel-windows-x86_64