CRAN Package Check Results for Package HDJM

Last updated on 2025-10-10 08:50:09 CEST.

Flavor Version Tinstall Tcheck Ttotal Status Flags
r-devel-linux-x86_64-debian-clang 0.1.0 47.69 55.21 102.90 NOTE
r-devel-linux-x86_64-debian-gcc 0.1.0 36.48 42.92 79.40 NOTE
r-devel-linux-x86_64-fedora-clang 0.1.0 179.05 OK
r-devel-linux-x86_64-fedora-gcc 0.1.0 187.21 OK
r-devel-windows-x86_64 0.1.0 53.00 83.00 136.00 OK
r-patched-linux-x86_64 0.1.0 52.46 53.16 105.62 OK
r-release-linux-x86_64 0.1.0 53.69 52.90 106.59 OK
r-release-macos-arm64 0.1.0 56.00 OK
r-release-macos-x86_64 0.1.0 82.00 OK
r-release-windows-x86_64 0.1.0 53.00 82.00 135.00 OK
r-oldrel-macos-arm64 0.1.0 47.00 NOTE
r-oldrel-macos-x86_64 0.1.0 65.00 NOTE
r-oldrel-windows-x86_64 0.1.0 63.00 103.00 166.00 OK

Check Details

Version: 0.1.0
Check: CRAN incoming feasibility
Result: NOTE Maintainer: ‘Jiehuan Sun <jiehuan.sun@gmail.com>’ No Authors@R field in DESCRIPTION. Please add one, modifying Authors@R: person(given = "Jiehuan", family = "Sun", role = c("aut", "cre"), email = "jiehuan.sun@gmail.com") as necessary. Flavors: r-devel-linux-x86_64-debian-clang, r-devel-linux-x86_64-debian-gcc

Version: 0.1.0
Check: installed package size
Result: NOTE installed size is 6.2Mb sub-directories of 1Mb or more: libs 5.6Mb Flavors: r-oldrel-macos-arm64, r-oldrel-macos-x86_64