Last updated on 2025-07-04 22:49:26 CEST.
Flavor | Version | Tinstall | Tcheck | Ttotal | Status | Flags |
---|---|---|---|---|---|---|
r-devel-linux-x86_64-debian-clang | 1.4 | 25.15 | 167.60 | 192.75 | NOTE | |
r-devel-linux-x86_64-debian-gcc | 1.4 | 17.18 | 114.61 | 131.79 | NOTE | |
r-devel-linux-x86_64-fedora-clang | 1.4 | 300.66 | NOTE | |||
r-devel-linux-x86_64-fedora-gcc | 1.4 | 315.77 | NOTE | |||
r-devel-windows-x86_64 | 1.4 | 30.00 | 254.00 | 284.00 | NOTE | |
r-patched-linux-x86_64 | 1.4 | 25.39 | 157.32 | 182.71 | NOTE | |
r-release-linux-x86_64 | 1.4 | 25.49 | 156.23 | 181.72 | NOTE | |
r-release-macos-arm64 | 1.4 | 124.00 | NOTE | |||
r-release-macos-x86_64 | 1.4 | 210.00 | NOTE | |||
r-release-windows-x86_64 | 1.4 | 28.00 | 253.00 | 281.00 | NOTE | |
r-oldrel-macos-arm64 | 1.4 | 95.00 | NOTE | |||
r-oldrel-macos-x86_64 | 1.4 | 266.00 | NOTE | |||
r-oldrel-windows-x86_64 | 1.4 | 35.00 | 310.00 | 345.00 | NOTE |
Version: 1.4
Check: Rd files
Result: NOTE
checkRd: (-1) rtheta.Rd:50-76: Lost braces in \itemize; meant \describe ?
Flavors: r-devel-linux-x86_64-debian-clang, r-devel-linux-x86_64-debian-gcc, r-devel-linux-x86_64-fedora-clang, r-devel-linux-x86_64-fedora-gcc, r-devel-windows-x86_64, r-patched-linux-x86_64, r-release-linux-x86_64, r-release-macos-arm64, r-release-macos-x86_64, r-release-windows-x86_64, r-oldrel-macos-arm64, r-oldrel-macos-x86_64, r-oldrel-windows-x86_64