Last updated on 2025-07-05 10:49:23 CEST.
Flavor | Version | Tinstall | Tcheck | Ttotal | Status | Flags |
---|---|---|---|---|---|---|
r-devel-linux-x86_64-debian-clang | 3.2-6 | 33.44 | 276.70 | 310.14 | OK | |
r-devel-linux-x86_64-debian-gcc | 3.2-6 | 19.94 | 183.04 | 202.98 | OK | |
r-devel-linux-x86_64-fedora-clang | 3.2-6 | 477.15 | OK | |||
r-devel-linux-x86_64-fedora-gcc | 3.2-6 | 504.84 | OK | |||
r-devel-windows-x86_64 | 3.2-6 | 32.00 | 317.00 | 349.00 | OK | |
r-patched-linux-x86_64 | 3.2-6 | 32.35 | 259.74 | 292.09 | OK | |
r-release-linux-x86_64 | 3.2-6 | 31.96 | 257.13 | 289.09 | OK | |
r-release-macos-arm64 | 3.2-6 | 126.00 | OK | |||
r-release-macos-x86_64 | 3.2-6 | 228.00 | OK | |||
r-release-windows-x86_64 | 3.2-6 | 34.00 | 306.00 | 340.00 | OK | |
r-oldrel-macos-arm64 | 3.2-6 | 147.00 | NOTE | |||
r-oldrel-macos-x86_64 | 3.2-6 | 262.00 | NOTE | |||
r-oldrel-windows-x86_64 | 3.2-6 | 47.00 | 385.00 | 432.00 | NOTE |
Version: 3.2-6
Check: installed package size
Result: NOTE
installed size is 11.0Mb
sub-directories of 1Mb or more:
R 2.1Mb
doc 7.2Mb
Flavors: r-oldrel-macos-arm64, r-oldrel-macos-x86_64, r-oldrel-windows-x86_64