Last updated on 2025-07-12 21:50:43 CEST.
Flavor | Version | Tinstall | Tcheck | Ttotal | Status | Flags |
---|---|---|---|---|---|---|
r-devel-linux-x86_64-debian-clang | 2.9.12 | 173.18 | 114.38 | 287.56 | OK | |
r-devel-linux-x86_64-debian-gcc | 2.9.12 | 122.65 | 76.68 | 199.33 | OK | |
r-devel-linux-x86_64-fedora-clang | 2.9.12 | 557.77 | OK | |||
r-devel-linux-x86_64-fedora-gcc | 2.9.12 | 501.07 | OK | |||
r-devel-windows-x86_64 | 2.9.12 | 159.00 | 152.00 | 311.00 | OK | |
r-patched-linux-x86_64 | 2.9.12 | 179.25 | 105.28 | 284.53 | OK | |
r-release-linux-x86_64 | 2.9.12 | 170.55 | 104.75 | 275.30 | OK | |
r-release-macos-arm64 | 2.9.9 | 112.00 | OK | |||
r-release-macos-x86_64 | 2.9.12 | 155.00 | OK | |||
r-release-windows-x86_64 | 2.9.12 | 197.00 | 141.00 | 338.00 | OK | |
r-oldrel-macos-arm64 | 2.9.9 | 113.00 | NOTE | |||
r-oldrel-macos-x86_64 | 2.9.12 | 160.00 | NOTE | |||
r-oldrel-windows-x86_64 | 2.9.12 | 234.00 | 176.00 | 410.00 | OK |
Version: 2.9.9
Check: installed package size
Result: NOTE
installed size is 13.3Mb
sub-directories of 1Mb or more:
libs 12.3Mb
Flavor: r-oldrel-macos-arm64
Version: 2.9.12
Check: installed package size
Result: NOTE
installed size is 13.4Mb
sub-directories of 1Mb or more:
libs 12.4Mb
Flavor: r-oldrel-macos-x86_64