Last updated on 2025-10-10 05:50:02 CEST.
Flavor | Version | Tinstall | Tcheck | Ttotal | Status | Flags |
---|---|---|---|---|---|---|
r-devel-linux-x86_64-debian-clang | 2.9.12 | 176.75 | 124.71 | 301.46 | OK | |
r-devel-linux-x86_64-debian-gcc | 2.9.12 | 113.59 | 83.99 | 197.58 | OK | |
r-devel-linux-x86_64-fedora-clang | 2.9.12 | 525.08 | OK | |||
r-devel-linux-x86_64-fedora-gcc | 2.9.12 | 505.32 | OK | |||
r-devel-windows-x86_64 | 2.9.12 | 203.00 | 145.00 | 348.00 | OK | |
r-patched-linux-x86_64 | 2.9.12 | 174.39 | 116.78 | 291.17 | OK | |
r-release-linux-x86_64 | 2.9.12 | 171.84 | 117.33 | 289.17 | OK | |
r-release-macos-arm64 | 2.9.12 | 162.00 | OK | |||
r-release-macos-x86_64 | 2.9.12 | 155.00 | OK | |||
r-release-windows-x86_64 | 2.9.12 | 204.00 | 150.00 | 354.00 | OK | |
r-oldrel-macos-arm64 | 2.9.12 | 160.00 | NOTE | |||
r-oldrel-macos-x86_64 | 2.9.12 | 160.00 | NOTE | |||
r-oldrel-windows-x86_64 | 2.9.12 | 238.00 | 190.00 | 428.00 | OK |
Version: 2.9.12
Check: installed package size
Result: NOTE
installed size is 13.3Mb
sub-directories of 1Mb or more:
libs 12.3Mb
Flavors: r-oldrel-macos-arm64, r-oldrel-macos-x86_64