Last updated on 2025-07-05 16:48:27 CEST.
Flavor | Version | Tinstall | Tcheck | Ttotal | Status | Flags |
---|---|---|---|---|---|---|
r-devel-linux-x86_64-debian-clang | 1.2.2 | 7.75 | 74.33 | 82.08 | NOTE | |
r-devel-linux-x86_64-debian-gcc | 1.2.2 | 5.84 | 53.75 | 59.59 | NOTE | |
r-devel-linux-x86_64-fedora-clang | 1.2.2 | 121.98 | OK | |||
r-devel-linux-x86_64-fedora-gcc | 1.2.2 | 113.83 | OK | |||
r-devel-windows-x86_64 | 1.2.2 | 10.00 | 79.00 | 89.00 | OK | |
r-patched-linux-x86_64 | 1.2.2 | 6.72 | 67.05 | 73.77 | OK | |
r-release-linux-x86_64 | 1.2.2 | 7.92 | 66.79 | 74.71 | OK | |
r-release-macos-arm64 | 1.2.2 | 56.00 | OK | |||
r-release-macos-x86_64 | 1.2.2 | 81.00 | OK | |||
r-release-windows-x86_64 | 1.2.2 | 8.00 | 80.00 | 88.00 | OK | |
r-oldrel-macos-arm64 | 1.2.2 | 36.00 | OK | |||
r-oldrel-macos-x86_64 | 1.2.2 | 56.00 | OK | |||
r-oldrel-windows-x86_64 | 1.2.2 | 12.00 | 96.00 | 108.00 | OK |
Version: 1.2.2
Check: CRAN incoming feasibility
Result: NOTE
Maintainer: ‘Sanjeev Sariya <sanjeevsariya@gmail.com>’
Package CITATION file contains call(s) to old-style citEntry(). Please
use bibentry() instead.
Flavors: r-devel-linux-x86_64-debian-clang, r-devel-linux-x86_64-debian-gcc